uppose o = 2*r + 172. Calculate the highest common factor of 145 and r.
29
Let g(m) = -m**3 - 12*m**2 - 8*m - 18. Let f be g(-11). Let i = 74 + f. Calculate the greatest common divisor of 299 and i.
23
Let m = 278 - 156. Let a(r) = 3*r**2 + 7*r - 1. Let u be a(9). Calculate the highest common factor of m and u.
61
Let w = 27 - 13. Suppose 788 = 72*i - 220. Calculate the highest common factor of i and w.
14
Let c be (-1 + (-12)/(-3))*(-26)/(-6). Let i = c - 49. Let m = i + 44. What is the greatest common divisor of m and 12?
4
Let v(n) = n**3 - 111*n**2 + 16*n - 1688. Let o be v(111). What is the greatest common factor of o and 2272?
8
Suppose 7*s + 12 = 10*s. Suppose 4*w - 3*u + 5*u = 290, -s*w + 289 = 3*u. What is the highest common factor of w and 584?
73
Suppose 2*x + 90 = 3*x. Let j(w) = -w**3 - 122*w**2 - 143*w - 2602. Let z be j(-121). What is the greatest common factor of x and z?
30
Suppose -3*x + 48 = 2*r - 68, 0 = -4*r + 4*x + 232. Suppose r = 6*z - 374. Calculate the highest common divisor of 324 and z.
36
Suppose 4*y = 2*y + 24. Suppose -y = 2*l - 5*l. Suppose t - 2*q = l*t - 186, -4*q - 76 = -t. What is the greatest common factor of 8 and t?
8
Let v = -12 + 19. Let f(a) = 7*a + 1. Let q be f(v). Let z be 5*12/q*10. What is the highest common divisor of z and 132?
12
Suppose 0*s + 60 = s. Let l(d) = d**2 + 4*d - 7. Let o be l(-6). Suppose 0 = 18*q - o*q - 260. Calculate the highest common divisor of s and q.
20
Let x be 1 + (-1 + -10)*-1. Let y(q) = -q**3 + 20*q**2 + 52*q - 22. Let f be y(22). Let g = f + -22. Calculate the greatest common divisor of x and g.
12
Let j(z) = -107*z + 5413. Let i be j(50). Suppose -4*o - 7 = 45. Let d = o + 20. What is the highest common factor of i and d?
7
Let a be (-3 - (11 - 5965739/91)) + (-3)/(-7). What is the highest common divisor of a and 24?
24
Let d = 22 + -4. Let u = 753 - 101. Let w = u + -607. Calculate the highest common factor of w and d.
9
Let a = -93 - -27. Let o = 74 + a. Suppose -6*d + o = -4*d. What is the highest common divisor of d and 6?
2
Suppose -34*d + 11*d = -10 - 128. What is the highest common divisor of 705 and d?
3
Suppose -4 - 12 = -2*i. Let s = 24040 - 24032. Calculate the greatest common factor of i and s.
8
Let n be (-2 - -3) + -5 + 1. Let k be (-2 - (n + -3)) + 2. What is the greatest common factor of k and 138?
6
Suppose 70*b = 14680 + 14580. What is the highest common factor of b and 893?
19
Let c be -8 - ((-576)/8 - -7 - 3). What is the highest common divisor of c and 3180?
60
Let v be (-1)/(1/(-5)) + -3. Suppose 5*q - 65 = -5*l, v*l + 3*l = 5*q + 55. Suppose -30*b = -34*b + l. Calculate the highest common divisor of 39 and b.
3
Let d = 2801 - 2561. Calculate the greatest common factor of 440 and d.
40
Let i = 34 + -35. Let s be (0 + -2)/(i/(-4)). Let y = -6 - s. What is the highest common divisor of 2 and y?
2
Let k be 700/16 - 7 - -9*1/(-12). What is the highest common divisor of k and 414?
18
Let o(r) = -9*r - 43. Let z be o(-2). Let s be z/(6 - 19/3). Calculate the highest common divisor of 6 and s.
3
Suppose 41*g + 5828 = 11*g + 25568. Calculate the highest common factor of g and 1128.
94
Let w be (8/(-6))/((53/228)/(-53)). Calculate the greatest common factor of w and 95.
19
Suppose -55*u - 6224 = -22174. Calculate the highest common divisor of 464 and u.
58
Let v(w) = -72*w + 150*w + 10 - 69*w. Let q be v(3). Suppose -q = -2*o - 11. Calculate the highest common factor of o and 1.
1
Let y(s) = 6*s**2 - 4*s + 8. Let d(a) = 5*a**2 - 3*a + 8. Let b(o) = 6*d(o) - 4*y(o). Let w be b(6). What is the greatest common divisor of w and 20?
20
Let s(r) = r**3 + 10*r**2 - 19*r + 45. Let h be s(-11). Calculate the greatest common divisor of h and 182.
7
Let a = 390 - 839. Let g = -224 - a. What is the highest common factor of g and 25?
25
Let z = -85 + 157. Let j = -75 + z. Let q = 46 + j. What is the highest common divisor of 172 and q?
43
Let o = -1139 + 1709. Calculate the greatest common divisor of o and 1824.
114
Let b(j) = -2*j**3 + j**2 + 2*j + 1. Let p be b(-2). Let z = 243 - -122. Let m = -297 + z. Calculate the highest common factor of m and p.
17
Let n(w) = 2*w + 3 + 6*w**2 + 0*w**2 - 3*w**2. Suppose -11 = 343*v - 332*v. Let y be n(v). What is the greatest common factor of y and 4?
4
Let g(s) = -s**3 - 12*s**2 + 15*s + 138. Let w be g(-14). What is the highest common factor of 176 and w?
16
Let o(b) = 5*b**2 + 41*b - 3066. Let c be o(38). Calculate the greatest common factor of 153 and c.
51
Suppose 22 = -23*a + 34*a. Let g be -3*(a/(-8) + 164/(-48)). Calculate the greatest common factor of g and 132.
11
Let i be (-90)/(-35) - (-9)/21. Suppose -6*b + 74 - 14 = 0. Let t be (-22)/(-4) - (-5)/b. Calculate the highest common divisor of i and t.
3
Let s = -62 - -66. Suppose -s*n - 2*k = -76, 2*n - 34 = k - 0*k. Suppose 0 = 7*t - n*t + 176. Calculate the highest common factor of 24 and t.
8
Let m be 1 + 0/1 - -53. Suppose 14 = 20*g - 18*g. Let y be (-1 + g/(-14))/(1/(-18)). Calculate the greatest common divisor of y and m.
27
Let i = -19359 + 20583. Calculate the greatest common divisor of i and 476.
68
Let y(t) = -850*t - 3368. Let q be y(-4). Calculate the highest common divisor of q and 17.
1
Let w be 16 - ((-13)/1 + -9387). What is the greatest common divisor of 33 and w?
11
Let f = 9759 + -6912. Calculate the highest common divisor of f and 73.
73
Let m(v) = -v**3 - 5*v**2 + 36*v + 106. Let w be m(-11). What is the highest common divisor of 4142 and w?
218
Let o(f) = f**2 - 23*f + 20. Let m be o(29). Let k = m - 193. Calculate the highest common divisor of 7 and k.
1
Let u be 105 - (-9 - (-85)/9)*9. Calculate the greatest common factor of 202 and u.
101
Let o(u) = -35*u - 144. Let n be o(-27). What is the greatest common factor of n and 36?
9
Let k(n) = 2*n**2 - 46*n + 145. Let r be k(23). Calculate the greatest common divisor of r and 493.
29
Let f(v) = -2*v**3 + 63*v**2 - 61*v - 516. Let b be f(29). What is the greatest common factor of 75 and b?
15
Let g be 40/2*((-44)/16)/(-11). Let k be ((-10)/g)/((-12)/138). Suppose 0 = -2*v - 0*v + 46. Calculate the greatest common divisor of k and v.
23
Let m(a) = -12*a - 5. Let n be m(5). Let t = 59 - n. Let u be t/6 + 2/(-3). Calculate the highest common factor of 80 and u.
20
Let t(y) = -y**2 + 9*y + 18. Let i be t(0). Suppose 25 + 5 = -5*v. Let u be -3 + 3/v*-258. Calculate the greatest common divisor of i and u.
18
Let c be 34/493 - (-344)/58. Let b = -5 + 5. Suppose b = -5*j - 2*f + 24, -2 = -j + f - 0. Calculate the highest common divisor of c and j.
2
Let q(z) = z**2 - 3*z + 3. Let g be q(5). Suppose -8000 = -19*p + 1006. Suppose -p*n = -477*n + 351. Calculate the highest common factor of n and g.
13
Suppose -1753*l + 93289 - 48751 + 31613 = -85125. Let p be (1 + -4)/((-3)/4). Calculate the highest common divisor of l and p.
4
Suppose 992 = 45*n + 182. Calculate the greatest common factor of n and 474.
6
Suppose 6287*z - 6346*z = -8673. What is the highest common factor of 6846 and z?
21
Let m(b) = 397*b**3 + 3*b**2 - 3*b - 1. Let a be m(1). Calculate the greatest common divisor of a and 180.
36
Suppose 3*i + 3*w = 1575, 4*w - 543 = -i + 9*w. What is the greatest common divisor of 33 and i?
33
Let p(b) = -18 + 1904*b - 65 - 1956*b - 5. Let o be p(-3). Calculate the greatest common divisor of 153 and o.
17
Let u = -40 + 93. Let l = 62 - u. Suppose -8 = -4*c + 4*m, 3*c + 3*m + 0*m = 0. Calculate the highest common divisor of c and l.
1
Let p be (-10)/((4/(-3))/4). Suppose f + 4*f + 15 = 0, 3*a = -5*f + 30. Suppose 9*m + p = a*m. What is the highest common factor of 5 and m?
5
Let s be (-246)/205 + (-1180)/(-25). Let l = -117 + 140. What is the greatest common divisor of l and s?
23
Suppose -5*j - 22*h + 25*h + 46422 = 0, -2*h + 12 = 0. Calculate the greatest common factor of 72 and j.
72
Let u be (-1)/((-1)/974)*(3 + -2). Let n = u - 632. Suppose n + 198 = 6*x. Calculate the highest common factor of x and 18.
18
Suppose 5*w - 4 = 3*x + 6*w, 3*w = 5*x + 2. Let i be x*37/(-5 - -4). Calculate the highest common factor of 37 and i.
37
Suppose -3*r - w + 4882 = 0, -r + 1630 = 11*w - 10*w. What is the greatest common divisor of 18 and r?
6
Let y(b) = 21*b**2 + 2*b**3 + b**3 - 4*b**3 + 16*b + 17. Let c be y(22). L